b77
In base 13, what is -8197 + 31?
-8166
In base 8, what is 32 - 46465?
-46433
In base 9, what is 0 + 8474651?
8474651
In base 8, what is 45541 - 11265?
34254
In base 4, what is 1111 + -203212001?
-203210230
In base 14, what is -210aa - 8c?
-21158
In base 6, what is -22 + -351400125?
-351400151
In base 12, what is -186 + -80b16?
-810a0
In base 3, what is 110021212 + 20120221?
200212210
In base 5, what is 10 - 1123130414?
-1123130404
In base 5, what is 44140311 - 131?
44140130
In base 3, what is -122210 - 1022002?
-1221212
In base 6, what is 12304 + -5022353?
-5010045
In base 15, what is -246b0 + -279?
-24939
In base 16, what is -28 - -b33e65?
b33e3d
In base 9, what is -47 + -1061020?
-1061067
In base 7, what is 22651341 + 34?
22651405
In base 2, what is 111 - -10000100100111100001?
10000100100111101000
In base 10, what is -5 + 21608912?
21608907
In base 16, what is 0 - 56fbddb?
-56fbddb
In base 2, what is 100111100000010 + 11110001000?
101011010001010
In base 2, what is -1000100101 + -10111010000?
-11111110101
In base 16, what is 98164 + -a0?
980c4
In base 9, what is 288 - 17830?
-17531
In base 6, what is 102131331 - 4?
102131323
In base 9, what is 5 - 6271056?
-6271051
In base 4, what is -1 - -210022013100?
210022013033
In base 3, what is 100010002002120 - -201?
100010002010021
In base 7, what is 4 + -2432315134?
-2432315130
In base 8, what is -3743 + 12002?
6037
In base 7, what is 2 - 20124555?
-20124553
In base 13, what is 216c54 - 159?
216ac8
In base 13, what is -13598b - -88?
-135903
In base 13, what is b8462a0 - 0?
b8462a0
In base 15, what is -64e60 - -4a?
-64e15
In base 13, what is -1 - 239829?
-23982a
In base 14, what is 388a93 - -14?
388aa7
In base 7, what is -11361060 + 122?
-11360635
In base 2, what is -10110111000000011 - -101011100110?
-10110001100011101
In base 5, what is -114111 - 12143014?
-12312130
In base 10, what is 332 + -82?
250
In base 15, what is -b1b - 16e7?
-2313
In base 12, what is 54 - -1b14689?
1b14721
In base 2, what is -1110111111 + 1011111101?
-11000010
In base 10, what is -115 + 39737?
39622
In base 4, what is 3 - 2100300201213?
-2100300201210
In base 14, what is -8 - -3706b7?
3706ad
In base 3, what is 12012 + -100010201112?
-100010112100
In base 2, what is 1010101011000111010011100 - -100?
1010101011000111010100000
In base 13, what is 1560 + b59?
23b9
In base 3, what is -12020200 - -101112110120?
101100012220
In base 4, what is -11201112002 + 1203?
-11201110133
In base 4, what is 100233033 + 120110?
101013203
In base 14, what is -3c - 41069?
-410a7
In base 16, what is 1fc - bc3e?
-ba42
In base 7, what is -1343 + 61065?
56422
In base 15, what is -2 - 10930d50?
-10930d52
In base 9, what is -321 - -54080?
53658
In base 7, what is 126555 - 1626?
124626
In base 15, what is 4e0171 + 3?
4e0174
In base 11, what is -a80 + -29685?
-2a655
In base 14, what is 1439 - -b5ad?
ca08
In base 7, what is 3025615600 - -5?
3025615605
In base 8, what is -1316 + 4775?
3457
In base 10, what is 1155630 - 103?
1155527
In base 8, what is -6 - -263635325?
263635317
In base 3, what is 2 - 20112122202011110?
-20112122202011101
In base 6, what is -15103 - -101203?
42100
In base 4, what is 10130221233 - -3?
10130221302
In base 12, what is -32b73 + 26?
-32b49
In base 9, what is 11671 + -37824?
-26143
In base 4, what is 3 + -31020003211?
-31020003202
In base 10, what is -1 + 2618781?
2618780
In base 12, what is 21 - -64589b?
645900
In base 8, what is 64526 - 13074?
51432
In base 3, what is -20 - 201111200022210?
-201111200100000
In base 12, what is -5216b - -3?
-52168
In base 16, what is 1aa5 - 1a27?
7e
In base 7, what is 1 + -13044204?
-13044203
In base 6, what is -4302001 + 230?
-4301331
In base 8, what is -220 + -221430?
-221650
In base 16, what is 3 + -66719b?
-667198
In base 5, what is 20340142 + -2042?
20333100
In base 7, what is -2 - -54351536?
54351534
In base 9, what is 61 + -300578?
-300517
In base 7, what is -43 + 50643515?
50643442
In base 4, what is -1313231020122 + -3?
-1313231020131
In base 10, what is -1509 - 206517?
-208026
In base 12, what is 17726b - -13?
177282
In base 9, what is 214471 - -215?
214686
In base 7, what is 3 + -43423243?
-43423240
In base 5, what is -12210241243 - -4?
-12210241234
In base 9, what is -48758500 - 5?
-48758505
In base 13, what is cb35acc + -5?
cb35ac7
In base 7, what is 2631434 + 116?
2631553
In base 2, what is -11111000 + -10110100001?
-11010011001
In base 5, what is -21221003 - 102?
-21221110
In base 7, what is -2214 - 201125?
-203342
In base 7, what is -152022235 + 4?
-152022231
In base 9, what is -27 + -271528?
-271556
In base 10, what is -473 + -313158?
-313631
In base 13, what is 361 - 1668?
-1307
In base 7, what is 3 + -61503602?
-61503566
In base 5, what is 4 + -13203434312?
-13203434303
In base 11, what is 118 + 12a59?
13076
In base 2, what is 100 - 101110111100111110011101101?
-101110111100111110011101001
In base 14, what is 0 + -162c252a?
-162c252a
In base 3, what is -1110201021122 - -10?
-1110201021112
In base 11, what is -1047 + -4239?
-5285
In base 9, what is -30678 + 482?
-30186
In base 6, what is -110153 + 132450?
22253
In base 7, what is -10 + -26661652?
-26661662
In base 7, what is 26214260 + 10?
26214300
In base 7, what is 60 - 113142120?
-113142030
In base 10, what is 3 - 41149847?
-41149844
In base 8, what is -4 - 331267740?
-331267744
In base 8, what is 127673574 - -6?
127673602
In base 8, what is -17364613 - -54?
-17364537
In base 16, what is -3011b71 - -2?
-3011b6f
In base 11, what is -4 - -800a8200?
800a81a7
In base 3, what is 12 + 20211211121022?
20211211121111
In base 9, what is 3 + -7825446?
-7825443
In base 4, what is 213101130133 + -203?
213101123330
In base 9, what is 113 + -147363?
-147250
In base 7, what is -143 + 645062?
644616
In base 11, what is 2373 + 3a56?
6319
In base 7, what is 3 - -4416242554?
4416242560
In base 5, what is -100213 + -143002?
-243220
In base 3, what is -2200020 + -100120111122?
-100200011212
In base 14, what is 702c82 + -5?
702c7b
In base 2, what is -10 - -1011000011110110000100?
1011000011110110000010
In base 7, what is -40306 - -3012?
-34264
In base 11, what is 47 - -121440?
121487
In base 14, what is 0 - -8d74bc8?
8d74bc8
In base 16, what is 2 - -52542c0?
52542c2
In base 7, what is -2141152 + -55?
-2141240
In base 4, what is -312312212001 - 2?
-312312212003
In base 7, what is 1135024 - -30210?
1165234
In base 9, what is -3 - 113554047?
-113554051
In base 16, what is -9f + bcee?
bc4f
In base 13, what is 1470 + 4c4?
1964
In base 12, what is 11b9 + -941?
478
In base 3, what is 10 - 1012101202222100?
-1012101202222020
In base 7, what is -141036260 + 4?
-141036253
In base 9, what is 12024 - -1521?
13545
In base 3, what is 102212 + -11212120022?
-11212010110
In base 3, what is -12012001 + -2210122?
-21222200
In base 16, what is -edd70 + -af?
-ede1f
In base 13, what is -413ba5 - -c?
-413b96
In base 14, what is -7215 + -7d?
-7294
In base 10, what is -9 - 641024?
-641033
In base 14, what is 3455 + 374?
37c9
In base 4, what is 33 + -223232310030?
-223232303331
In base 10, what is 7918 + 713?
8631
In base 2, what is 1111011000011001001 - 100110?
1111011000010100011
In base 5, what is -102 + 21344131?
21344024
In base 10, what is -1133096 + 742?
-1132354
In base 13, what is 547 - -6915?
715c
In base 3, what is 20000 + -1102100200112?
-1102100110112
In base 8, what is -14305 - 33507?
-50014
In base 3, what is -10200020 + 20000222?
2100202
In base 4, what is 3 - -11012320103313?
11012320103322
In base 4, what is -32231023102 - 1001?
-32231030103
In base 4, what is 322300301222 + -133?
322300301023
In base 13, what is -93a34c - -6?
-93a346
In base 4, what is 12212 + 3300020303?
3300033121
In base 8, what is -3 + -10310522?
-10310525
In base 9, what is -1720 + -20111?
-21831
In base 7, what is 1 - -24665244?
24665245
In base 6, what is -512520 + 21322?
-451154
In base 12, what is -1 - b79a597?
-b79a598
In base 14, what is 505 + -154c8?
-14dc3
In base 8, what is -1 + 2613221?
2613220
In base 13, what is -865645c - 4?
-8656463
In base 10, what is -61 - -19267?
19206
In base 4, what is 20033301333001 - -12?
20033301333013
In base 10, what is -57 - 25322?
-25379
In base 12, what is -85b167 - 9?
-85b174
In base 7, what is -30303004 - 41?
-30303045
In bas